(m) = 8*m**3 + 4*m**2 + 8*m - 19. Let t be k(5). Let s = 1876 - t. What is the tens digit of s?
5
Let f be ((-6)/15)/(24/7680). Let y = f - -455. What is the hundreds digit of y?
3
Suppose 730 + 9278 = -24*k. Let c = k + 581. What is the units digit of c?
4
Suppose 4*m + 5216 = 4*q, -5*q + 10*q - 4*m - 6519 = 0. Suppose x = -3*l + 1283, 4*x + x - q = -3*l. What is the tens digit of l?
2
Let t(h) = 7 - 5*h - 13*h - h**2 + 2*h + 2*h. What is the units digit of t(-14)?
7
Suppose 4*m - 3*w = 3392, 7*w - 2*w - 1722 = -2*m. Let y = m + -563. Let l = y - 130. What is the units digit of l?
8
Suppose 0 = -2*l + 217 - 1. Let g = -160 + l. Let c = 76 + g. What is the tens digit of c?
2
Let w(q) = -q**2 - 16*q - 19. Let t be w(-14). What is the hundreds digit of t/(-36) + (-15345)/(-20)?
7
Suppose 3*r = 3*d + 51057, -d + 6111 + 10900 = r. Suppose -28*k + r = -19245. What is the hundreds digit of k?
2
What is the hundreds digit of (-21)/147*1 - (-294486)/21?
0
Let g = 176 - 141. What is the units digit of 228 + 1 - g/7?
4
Let z be (-12)/(3 + 140/(-48)). What is the units digit of (16/(-3))/(-1*(-2)/z)?
4
What is the units digit of 2119 - 27 - (2 - -4)/(-3)?
4
Let c(x) be the first derivative of x**4/4 - x**3/6 - 8*x**2 + 11*x - 19. Let y(j) be the first derivative of c(j). What is the units digit of y(6)?
6
Suppose 23*q + 47*q - 35070 = 0. What is the hundreds digit of q?
5
Let v(j) be the second derivative of -j**4/12 + 2*j**3 - 2*j**2 - 12*j. Let y be v(12). What is the tens digit of 22/y*(15 + -25)?
5
Suppose 5*s = 2*a - 10, 0 = -4*s + 3*a - 5 - 10. What is the tens digit of 2220/11 - (10/(-55) + s)?
0
Suppose -5*h + 3 + 47 = 0. Suppose 28 - h = 2*r. What is the units digit of -1*1/(-1)*(r + 70)?
9
Let i = 40 - 35. Suppose -i*q + 328 = 2*u - 4*u, -2*q - 762 = 5*u. Let v = -36 - u. What is the tens digit of v?
1
Let f = 532 - 535. Let x(r) = 153*r**2 - 2*r - 3. What is the thousands digit of x(f)?
1
What is the units digit of ((-57333)/29 + -22)*3*-1?
7
Let i be 4/(-26) - 114003/(-39). What is the units digit of 6/(-16) + i/8?
5
Suppose -1 = 3*j - 10. Let x(p) = -26*p + 17*p - 7 + 17*p. What is the tens digit of x(j)?
1
What is the thousands digit of 292 + 14845 - (11 - 1)?
5
Let r be (-24)/(-18) + (-5)/(-3). Suppose 9*t - 10*t + 91 = 5*h, -r*t = 2*h - 208. What is the units digit of t?
6
Suppose 12842 = -53*t + 369691. What is the hundreds digit of t?
7
Let a = 6924 + 2354. What is the units digit of a?
8
Let x(u) be the first derivative of -u**3/3 - 7*u**2 - 41*u + 28. Let w be x(-11). What is the tens digit of ((-4 - 2) + -9)/(3/w)?
4
Let l(m) be the second derivative of 149*m**3/6 + 47*m**2/2 - 28*m + 2. What is the hundreds digit of l(3)?
4
Suppose -42484 = -4*b - 3*o, -12 = -2*o - o. What is the hundreds digit of b?
6
What is the units digit of (-3287459)/(-42) - 250/300?
2
Suppose -v + 123 = 5*d, 11 + 28 = d + 5*v. Let s = 252 + d. What is the tens digit of s?
7
Let l be 76/(-13) + (-378)/91 + 4. Let i be 60*(l/(-8))/(-1). What is the tens digit of (15/i)/((-1)/114)?
3
Let d(n) = 175*n**2 - 6. Let g be d(-3). Let m = -840 + g. What is the hundreds digit of m?
7
What is the hundreds digit of ((-2322)/45)/((-12)/(-15))*1040/(-3)?
3
Let p = 19 - 7. Suppose -2*t + p = -4*a, -4*t - 3*a - 8 = 1. Suppose t = 3*l - l - 112. What is the tens digit of l?
5
Let u(m) = 72*m - 1. Let b be (-6)/5*10/(-3). Suppose -2 = 2*h - b. What is the tens digit of u(h)?
7
Let g(k) = 11*k**2 - 18*k + 19. Let y be g(6). Suppose y = h + 5. What is the tens digit of h?
0
Let i(u) = -u**2 - 5*u + 16. Let x be i(-7). Suppose m + 1369 = 5*a, x*a + a - 815 = -m. What is the hundreds digit of a?
2
Suppose 5*h = 80 + 135. Let p be (186/26 - 7) + 1623/13. Suppose -2*m + 0*t = -t - h, 0 = -5*m - t + p. What is the units digit of m?
4
Suppose 31*q = -11*q + 1430814. What is the ten thousands digit of q?
3
Let s(c) = 0*c**2 + 7 + 5*c + 5*c**2 - 8*c + 2*c. Let p be s(7). Suppose -j = -6*j + 4*x + p, 0 = j - 2*x - 49. What is the units digit of j?
9
Suppose -28*p - 2*r + 6174 = -27*p, 2*p = 2*r + 12324. Suppose -1021 = 5*f - p. What is the tens digit of f?
2
Suppose -5*j - q = -j - 95, -3*j + 81 = 4*q. Suppose 12*a + 8734 = j*a. What is the tens digit of a?
9
Let x be (-3)/(-6)*(-1 + 9). Suppose -2*g + 3*f + 257 = 0, -x*g + 481 = 6*f - f. Suppose -3*b + 208 = -b + 2*s, g = b - 3*s. What is the tens digit of b?
0
What is the thousands digit of (-173024)/(-14) - (-378)/(-441)?
2
Suppose 209 = 5*z + 84. Let t = 43 - z. Let j = 265 + t. What is the tens digit of j?
8
Suppose -3*b + k = -3287, b - 914 - 184 = -2*k. What is the tens digit of b?
9
Suppose -44 = -2*r - 14. Suppose 0 = 4*p + 7 - r. What is the units digit of (-84 + -10)/(p/4*-1)?
8
Let n = 176 - 122. Let w = 63 - n. Suppose w*d - 10*d = -108. What is the tens digit of d?
0
Suppose 33522 = 5*o - 4*n, 9*o - 11*o + 5*n = -13402. What is the hundreds digit of o?
7
What is the hundreds digit of (-86)/14 + 2790/(-3255) + 25654 + -1?
6
Suppose -18*m = -7*m - 16203. Let n = m + -816. What is the tens digit of n?
5
Let u(p) = 85*p + 7. Let r be u(-3). Let s = 338 - r. What is the hundreds digit of s?
5
Let y(h) = 866*h + 178. What is the tens digit of y(10)?
3
Let f(w) = -4*w + 44. Let i be f(10). Suppose i*u + 35 = 1375. What is the tens digit of u?
3
Let f be (-670)/1 + 35/(-7). Let t = 1119 + f. What is the hundreds digit of t?
4
Suppose -5*i + 78 = -c, -5*i - 4*c = -48 - 40. Suppose i*p - 7088 = 8*p. What is the units digit of p?
6
Let r = 28673 - 10166. What is the thousands digit of r?
8
Let w be (1 + 4088)*(-3 - (6 + -8)). Let l be w/(-24) - 18/48. Suppose 5*d + g - 882 = -43, -l = -d + 2*g. What is the tens digit of d?
6
Let c(f) be the second derivative of 13*f**4/2 + f**3/3 - f**2/2 + 8*f. Suppose -4*r + 3*a - 5 = 0, -12*a = -4*r - 7*a - 11. What is the units digit of c(r)?
9
Let z = 60 + -58. Suppose 0*x = -x + z. Suppose -5*o + 507 = -x*o. What is the hundreds digit of o?
1
Suppose 0 = -3*t + 2*r - 47, t + 3*r + 110 = -4*t. Let p(n) = -n**3 - 17*n**2 + 14*n + 18. What is the units digit of p(t)?
4
Let n(b) = -1 - 6*b + 7 - 2*b**2 + b**2. Let d be n(-16). What is the units digit of 3/(23/d + (-2)/(-7))?
2
Let u(p) = 5*p - 2 - 26 + 11*p**3 - 6*p**2 - 17*p**3 + 7*p**3. Let m be u(6). Suppose m*a - 3*q - 310 = 0, a + 2*q + 3*q - 129 = 0. What is the tens digit of a?
4
Suppose 3*z - 5*o = -8, -z - o = o - 1. What is the tens digit of 35/21*3 + z + 94?
9
Let v(q) = -q**2 + 8*q - 7. Let f be v(7). Suppose f = -4*j + 2*j + 3*i + 152, -5*i - 227 = -3*j. What is the tens digit of j?
7
Suppose 2*u + 30 = 4*z, -z = u - 4*u - 20. Suppose -z*c - 80 = -c. What is the units digit of (-9)/12 + (-3115)/c?
5
Let l = -39915 + 59067. What is the thousands digit of l?
9
Suppose 16*w - 18*w - 4 = 0. What is the units digit of 191*w*(-7)/14?
1
Suppose 2*j - 10*j + 24 = 0. Suppose -y = -j*k + 90, -k - y + 5*y = -41. What is the tens digit of k?
2
Suppose v + 151 = -v + t, -v + 4*t - 65 = 0. Let j = v - -194. Suppose -j = -k + 16. What is the tens digit of k?
3
Let n = 27403 + -2521. What is the thousands digit of n?
4
Suppose 3*m = -m + 8. Let j be (-98)/(-126) + m/9. What is the tens digit of j/(3 + 1) + (-1605)/(-12)?
3
Suppose -15*b = -75135 - 59235. What is the tens digit of b?
5
Let n(o) = 57*o**2 + o - 20. Let p(i) = -9*i + 131. Let g be p(15). What is the tens digit of n(g)?
8
Suppose 35*v - 3 = 34*v. Suppose -v*j = -15 - 15. What is the units digit of (-6)/4*(j + -36)?
9
Suppose 79*j - 40040 = -9*j. What is the tens digit of j?
5
Let t be 15/10 + -1 + 11/(-2). Let i(k) = 9*k - 14. Let g(x) = 10*x - 13. Let a(h) = t*g(h) + 4*i(h). What is the tens digit of a(-4)?
6
Let p(k) = 34*k**2 - 196*k + 5802. What is the ten thousands digit of p(41)?
5
What is the thousands digit of (-9*(-25)/60)/(223932/24880 + -9)?
7
Let q = 21456 - 7964. What is the hundreds digit of q?
4
Suppose 1526 = -2*p - 3*o, -p - 4*o = -0*p + 758. Let z = p + 1079. What is the units digit of z?
3
Suppose u + 5 - 4 = 0. Let q be u/2*(6 - 6). Suppose q = t + 4*h - 29, 3*t - 3*h = -h + 31. What is the tens digit of t?
1
Let s(w) = -32*w**3 + 4*w - 81. What is the units digit of s(-6)?
7
Suppose -49*y + 48*y + 519 = 0. Let c = 1124 - y. What is the tens digit of c?
0
Let l be 2